se
Is 8635 a multiple of 17?
False
Does 130 divide 11310?
True
Does 27 divide 2376?
True
Is 14 a factor of 849?
False
Is 2373 even?
False
Is 308 a multiple of 14?
True
Is 611 a multiple of 13?
True
Does 33 divide 2046?
True
Is 108 a factor of 108?
True
Does 40 divide 360?
True
Does 14 divide 8069?
False
Is 10 a factor of 3692?
False
Does 17 divide 425?
True
Is 88 a multiple of 14?
False
Is 7 a factor of 277?
False
Is 81471 a multiple of 13?
True
Is 49 a factor of 18343?
False
Is 38 a factor of 34504?
True
Is 15 a factor of 456?
False
Does 75 divide 3750?
True
Does 34 divide 578?
True
Is 1410 a multiple of 10?
True
Is 63 a factor of 630?
True
Is 16 a factor of 2208?
True
Is 5229 a multiple of 11?
False
Is 28582 a multiple of 13?
False
Is 1861 a multiple of 7?
False
Does 5 divide 23277?
False
Does 232 divide 60990?
False
Is 315 a multiple of 63?
True
Does 6 divide 738?
True
Does 90 divide 3221?
False
Is 288 a multiple of 5?
False
Is 62113 a multiple of 347?
True
Does 12 divide 1329?
False
Is 4583 a multiple of 63?
False
Is 46 a factor of 8372?
True
Does 29 divide 957?
True
Does 7 divide 154?
True
Does 8 divide 980?
False
Is 21373 a multiple of 67?
True
Does 16 divide 768?
True
Does 203 divide 31262?
True
Does 9 divide 4821?
False
Is 29 a factor of 2900?
True
Is 39 a factor of 55809?
True
Does 11 divide 176?
True
Is 44745 a multiple of 95?
True
Is 15 a factor of 104?
False
Is 92477 a multiple of 44?
False
Is 75 a multiple of 9?
False
Is 19 a factor of 69983?
False
Is 17 a factor of 15929?
True
Is 3 a factor of 195?
True
Does 12 divide 84?
True
Does 72 divide 4680?
True
Is 105 a multiple of 17?
False
Does 18 divide 42184?
False
Does 40 divide 6223?
False
Is 55 a factor of 4235?
True
Is 11 a factor of 3575?
True
Is 284 a multiple of 6?
False
Is 6 a factor of 5796?
True
Does 22 divide 3490?
False
Does 78 divide 9048?
True
Does 19 divide 13234?
False
Is 4379 a multiple of 29?
True
Is 250 a factor of 33488?
False
Does 15 divide 465?
True
Does 20 divide 44780?
True
Is 4704 a multiple of 24?
True
Is 44 a factor of 1483?
False
Is 11556 a multiple of 20?
False
Is 232 a factor of 7888?
True
Does 5 divide 80?
True
Does 17 divide 170?
True
Is 5467 a multiple of 11?
True
Is 45 a factor of 17672?
False
Is 64 a factor of 3297?
False
Is 10 a factor of 186?
False
Is 4 a factor of 44?
True
Is 651 a multiple of 3?
True
Is 3 a factor of 121?
False
Is 24 a factor of 258?
False
Is 20 a factor of 440?
True
Is 96 a factor of 43008?
True
Is 82 a factor of 513?
False
Does 10 divide 231?
False
Is 392 a multiple of 56?
True
Is 12 a factor of 2842?
False
Does 13 divide 5873?
False
Does 179 divide 30788?
True
Is 132781 a multiple of 249?
False
Is 6313 a multiple of 60?
False
Is 5 a factor of 5155?
True
Does 121 divide 40051?
True
Is 4480 a multiple of 70?
True
Is 913 a multiple of 44?
False
Is 9336 a multiple of 12?
True
Does 25 divide 1537?
False
Is 5 a factor of 13?
False
Does 8 divide 290?
False
Is 6 a factor of 24414?
True
Is 2280 a multiple of 14?
False
Is 11 a factor of 8470?
True
Is 35821 a multiple of 45?
False
Does 6 divide 606?
True
Does 105 divide 2310?
True
Does 44 divide 836?
True
Is 34 a factor of 20432?
False
Does 14 divide 96600?
True
Does 312 divide 87048?
True
Is 488 a multiple of 8?
True
Is 70 a factor of 2310?
True
Is 450 a multiple of 15?
True
Is 172 a multiple of 2?
True
Is 6 a factor of 33306?
True
Is 13038 a multiple of 123?
True
Does 73 divide 949?
True
Is 24 a factor of 408?
True
Does 6 divide 84?
True
Is 6 a factor of 16871?
False
Is 30 a factor of 49887?
False
Does 33 divide 4389?
True
Is 16 a factor of 30456?
False
Does 50 divide 1137?
False
Is 3960 a multiple of 88?
True
Is 51 a factor of 36048?
False
Is 50 a factor of 4050?
True
Is 8343 a multiple of 240?
False
Does 110 divide 20020?
True
Does 16 divide 4784?
True
Is 93737 a multiple of 64?
False
Is 34 a factor of 2093?
False
Does 47 divide 19552?
True
Is 35 a factor of 80920?
True
Is 9 a factor of 185?
False
Is 1696 a multiple of 8?
True
Is 9 a factor of 18068?
False
Does 55 divide 5170?
True
Does 67 divide 31851?
False
Does 5 divide 5960?
True
Does 11 divide 37939?
True
Is 277 a multiple of 3?
False
Is 15 a factor of 2835?
True
Is 11952 a multiple of 8?
True
Does 44 divide 1918?
False
Is 4858 a multiple of 45?
False
Does 15 divide 9400?
False
Is 21576 a multiple of 12?
True
Does 8 divide 260?
False
Is 2901 a multiple of 64?
False
Is 5 a factor of 690?
True
Is 25 a factor of 2125?
True
Is 16414 a multiple of 29?
True
Is 96 a factor of 29952?
True
Is 13392 a multiple of 16?
True
Is 791 a multiple of 58?
False
Is 2999 a multiple of 43?
False
Is 222 a multiple of 74?
True
Is 223 a factor of 2546?
False
Is 1066 a multiple of 61?
False
Is 130 a multiple of 17?
False
Is 6 a factor of 8262?
True
Does 274 divide 52118?
False
Is 1816 a multiple of 4?
True
Is 10 a factor of 950?
True
Does 151 divide 3171?
True
Is 36 a factor of 14795?
False
Is 23857 a multiple of 13?
False
Is 107 a factor of 20544?
True
Is 50 a factor of 2000?
True
Does 14 divide 23051?
False
Does 14 divide 253?
False
Is 160 a multiple of 2?
True
Does 199 divide 11144?
True
Is 509 a multiple of 5?
False
Is 3550 a multiple of 10?
True
Is 10 a factor of 3203?
False
Does 43 divide 81900?
False
Does 102 divide 13744?
False
Is 14 a factor of 5194?
True
Does 42 divide 1638?
True
Does 7 divide 296?
False
Does 261 divide 16704?
True
Does 11 divide 169?
False
Is 39 a factor of 12378?
False
Is 11349 a multiple of 11?
False
Is 13 a factor of 7566?
True
Does 2 divide 1293?
False
Is 6 a factor of 318?
True
Is 448 a multiple of 11?
False
Is 11008 a multiple of 16?
True
Is 4174 a multiple of 40?
False
Does 19 divide 72098?
False
Is 5754 a multiple of 14?
True
Is 600 a multiple of 25?
True
Does 297 divide 14256?
True
Is 4 a factor of 2456?
True
Does 8 divide 152?
True
Is 2904 a multiple of 88?
True
Does 14 divide 57113?
False
Is 10670 a multiple of 8?
False
Is 19530 a multiple of 5?
True
Does 64 divide 384?
True
Does 15 divide 631?
False
Does 13 divide 15832?
False
Is 12 a factor of 48286?
False
Does 3 divide 159?
True
Is 5802 a multiple of 29?
False
Does 8 divide 765?
False
Is 34 a factor of 16748?
False
Is 288 a multiple of 9?
True
Does 10 divide 12620?
True
Is 15 a factor of 6751?
False
Is 10 a factor of 21904?
False
Does 12 divide 312?
True
Does 26 divide 10894?
True
Is 15 a factor of 3540?
True
Is 78 a multiple of 6?
True
Is 3653 a multiple of 56?
False
Is 1628 a multiple of 38?
False
Is 14396 a multiple of 11?
False
Does 104 divide 236?
False
Does 13 divide 147?
False
Is 377 a multiple of 60?
False
Is 87 a factor of 34970?
False
Is 61 a factor of 17864?
False
Does 3 divide 3035?
False
Is 6 a factor of 744?
True
Does 23 divide 60122?
True
Is 2 a factor of 282?
True
Does 24 divide 11496?
True
Is 7605 a multiple of 9?
True
Does 26 divide 391?
False
Does 41 divide 785?
False
Is 18 a factor of 10661?
False
Is 3174 a multiple of 46?
True
Is 15852 a multiple of 12?
True
Does 58 divide 1276?
True
Does 73 divide 17739?
True
Is 36 a factor of 3231?
False
Is 56 a factor of 6776?
True
Is 6023 a multiple of 21?
False
Is 9 a factor of 1373?
False
Does 15 divide 510?
True
Is 16 a factor of 17482?
False
Is 13120 a multiple of 41?
True
Is 19 a factor of 57?
True
Is 19925 a multiple of 49?
False
Is 1980 a multiple of 15?
True
Is 1118 a multiple of 9?
False
Is 5 a factor of 1482?
False
Is 202 a multiple of 3?
False
Is 3077 a multiple of 25?
False
Does 3 divide 2233?
False
Is 6779 a multiple of 5?
False
Is 420 even?
True
Is 19113 a multiple of 11?
False
Is 60 a factor of 780?
True
Is 52 a factor of 1820?
True
Does 274 divide 105216?
True
Does 5 divide 2070?
True
Is 1316 a multiple of 14?
True
Is 17 a factor of 672?
False
Is 8 a factor of 4538?
False
Does 10 divide 500?
True
Is 136 even?
True
Does 166 divide 6142?
True
Does 279 divide 54405?
True
Is 27 a factor of 4671?
True
Does 13 divide 10615?
False
Is 6 a factor of 144?
True
Does 49 divide 3876?
False
Is 3 a factor of 401?
False
Does 70 divide 44590?
True
Does 26 divide 36764?
True
Is 6 a factor of 10429?
False
Is 14 a factor of 6874?
True
Is 5106 a multiple of 2?
True
Does 36 divide 36?
True
Is 1243 a multiple of 17?
False
Is 978 a multiple of 12?
False
Is 11997 a multiple of 28?
False
Is 8580 a multiple of 